{"id":234,"date":"2025-09-22T22:47:33","date_gmt":"2025-09-22T20:47:33","guid":{"rendered":"https:\/\/www.valenciennes-dynamite.fr\/?page_id=234"},"modified":"2025-09-23T21:48:43","modified_gmt":"2025-09-23T19:48:43","slug":"reservations","status":"publish","type":"page","link":"https:\/\/www.valenciennes-dynamite.fr\/?page_id=234","title":{"rendered":"R\u00e9servations"},"content":{"rendered":"\n<p class=\"has-medium-font-size\"><em><mark style=\"background-color:rgba(0, 0, 0, 0)\" class=\"has-inline-color has-vivid-cyan-blue-color\">Si tu as moins de 12 ans, nous ne pourrons malheureusement pas te proposer de venir dans les airs avec nous. Il te faudra encore patienter&#8230; Mais viens nous rencontrer, nous serons ravis de t&rsquo;expliquer le fonctionnement de nos montgolfi\u00e8res&#8230;<\/mark><\/em><\/p>\n\n\n\n<p class=\"has-text-align-center has-medium-font-size\">Vous souhaitez \u00e9viter de vous d\u00e9placer ou vous voulez \u00eatre pr\u00e9voyant<br><strong>&#8211; ATTENTION, toujours dans la limites des places disponibles &#8211;<\/strong><br> vous pouvez d\u00e9poser une demande sur le <strong>Messenger<\/strong> du groupe :<\/p>\n\n\n\n<p class=\"has-text-align-center has-xx-large-font-size\"><strong>Montgolfiades Inter-Entreprises de Valenciennes<\/strong><\/p>\n\n\n\n<p><strong><mark style=\"background-color:rgba(0, 0, 0, 0)\" class=\"has-inline-color has-black-color\">En utilisant le lien ci-dessous :<\/mark><\/strong><\/p>\n\n\n\n<p class=\"has-text-align-center has-x-large-font-size\"><strong><a href=\"https:\/\/www.facebook.com\/montgolfiadesvalenciennes\" target=\"_blank\" rel=\"noopener\" title=\"\">https:\/\/www.facebook.com\/montgolfiadesvalenciennes<\/a><\/strong><\/p>\n\n\n\n<p class=\"has-medium-font-size\">Sinon, vous pouvez venir nous retrouver sur <strong>l&rsquo;a\u00e9roport de Valenciennes &#8211; Denain \u00e0 Prouvy :<\/strong><\/p>\n\n\n\n<figure class=\"wp-block-image aligncenter size-full is-resized\"><img fetchpriority=\"high\" decoding=\"async\" width=\"975\" height=\"1857\" src=\"https:\/\/www.valenciennes-dynamite.fr\/wp-content\/uploads\/2025\/09\/reserv-miev-att.jpg\" alt=\"\" class=\"wp-image-242\" style=\"width:auto;height:800px\" srcset=\"https:\/\/www.valenciennes-dynamite.fr\/wp-content\/uploads\/2025\/09\/reserv-miev-att.jpg 975w, https:\/\/www.valenciennes-dynamite.fr\/wp-content\/uploads\/2025\/09\/reserv-miev-att-768x1462.jpg 768w\" sizes=\"(max-width: 975px) 100vw, 975px\" \/><\/figure>\n","protected":false},"excerpt":{"rendered":"<p>Si tu as moins de 12 ans, nous ne pourrons malheureusement pas te proposer de venir dans les airs avec<\/p>\n","protected":false},"author":1,"featured_media":0,"parent":0,"menu_order":0,"comment_status":"closed","ping_status":"closed","template":"","meta":{"colormag_page_layout":"default_layout","footnotes":""},"class_list":["post-234","page","type-page","status-publish","hentry"],"aioseo_notices":[],"_links":{"self":[{"href":"https:\/\/www.valenciennes-dynamite.fr\/index.php?rest_route=\/wp\/v2\/pages\/234","targetHints":{"allow":["GET"]}}],"collection":[{"href":"https:\/\/www.valenciennes-dynamite.fr\/index.php?rest_route=\/wp\/v2\/pages"}],"about":[{"href":"https:\/\/www.valenciennes-dynamite.fr\/index.php?rest_route=\/wp\/v2\/types\/page"}],"author":[{"embeddable":true,"href":"https:\/\/www.valenciennes-dynamite.fr\/index.php?rest_route=\/wp\/v2\/users\/1"}],"replies":[{"embeddable":true,"href":"https:\/\/www.valenciennes-dynamite.fr\/index.php?rest_route=%2Fwp%2Fv2%2Fcomments&post=234"}],"version-history":[{"count":7,"href":"https:\/\/www.valenciennes-dynamite.fr\/index.php?rest_route=\/wp\/v2\/pages\/234\/revisions"}],"predecessor-version":[{"id":254,"href":"https:\/\/www.valenciennes-dynamite.fr\/index.php?rest_route=\/wp\/v2\/pages\/234\/revisions\/254"}],"wp:attachment":[{"href":"https:\/\/www.valenciennes-dynamite.fr\/index.php?rest_route=%2Fwp%2Fv2%2Fmedia&parent=234"}],"curies":[{"name":"wp","href":"https:\/\/api.w.org\/{rel}","templated":true}]}}

Réservations

<p class="has-medium-font-size"><em><mark style="background-color:rgba(0, 0, 0, 0)" class="has-inline-color has-vivid-cyan-blue-color">Si tu as moins de 12 ans, nous ne pourrons malheureusement pas te proposer de venir dans les airs avec nous. Il te faudra encore patienter&#8230; Mais viens nous rencontrer, nous serons ravis de t&rsquo;expliquer le fonctionnement de nos montgolfières&#8230;</mark></em></p>



<p class="has-text-align-center has-medium-font-size">Vous souhaitez éviter de vous déplacer ou vous voulez être prévoyant<br><strong>&#8211; ATTENTION, toujours dans la limites des places disponibles &#8211;</strong><br> vous pouvez déposer une demande sur le <strong>Messenger</strong> du groupe :</p>



<p class="has-text-align-center has-xx-large-font-size"><strong>Montgolfiades Inter-Entreprises de Valenciennes</strong></p>



<p><strong><mark style="background-color:rgba(0, 0, 0, 0)" class="has-inline-color has-black-color">En utilisant le lien ci-dessous :</mark></strong></p>



<p class="has-text-align-center has-x-large-font-size"><strong><a href="https://www.facebook.com/montgolfiadesvalenciennes" target="_blank" rel="noopener" title="">https://www.facebook.com/montgolfiadesvalenciennes</a></strong></p>



<p class="has-medium-font-size">Sinon, vous pouvez venir nous retrouver sur <strong>l&rsquo;aéroport de Valenciennes &#8211; Denain à Prouvy :</strong></p>



<figure class="wp-block-image aligncenter size-full is-resized"><img fetchpriority="high" decoding="async" width="975" height="1857" src="https://www.valenciennes-dynamite.fr/wp-content/uploads/2025/09/reserv-miev-att.jpg" alt="" class="wp-image-242" style="width:auto;height:800px" srcset="https://www.valenciennes-dynamite.fr/wp-content/uploads/2025/09/reserv-miev-att.jpg 975w, https://www.valenciennes-dynamite.fr/wp-content/uploads/2025/09/reserv-miev-att-768x1462.jpg 768w" sizes="(max-width: 975px) 100vw, 975px" /></figure>
